- 250*s**2 + 4030*s - 37. Determine a(19).
1
Let m(j) = -59*j**2 - 820*j + 23068. What is m(14)?
24
Let f(r) = 19981*r + 399610. Calculate f(-20).
-10
Let f(v) = 9*v**2 + 3019*v - 6044. Calculate f(2).
30
Let o(m) = 3*m**3 - 140*m**2 - 21*m - 1448. Determine o(47).
-226
Let s(d) = 6331*d + 101301. Calculate s(-16).
5
Let l(n) = n**3 - 144*n**2 + 4246*n - 1028. Calculate l(41).
-85
Let j(s) = -2*s**2 + 3257*s - 765778. Determine j(285).
17
Let f(l) = -l**3 - 22*l**2 - 403*l - 5956. What is f(-18)?
2
Let a(u) = -u**3 + 154*u**2 - 120*u + 92782. Determine a(157).
-5
Let b(x) = 2*x**3 - 202*x**2 + 2608*x - 2443. Give b(86).
-35
Let a(h) = 5*h**2 - 25462*h - 152809. Determine a(-6).
143
Let f(o) = -2*o**3 - 28*o**2 + 104*o + 116. Determine f(-17).
82
Let r(f) = f**2 + 4266*f + 34101. Determine r(-8).
37
Let b(o) = -8*o**3 + 778*o**2 - 3. Give b(0).
-3
Let d(s) = 34363*s + 1477603. Give d(-43).
-6
Let k(p) = -142706*p + 5850941. Calculate k(41).
-5
Let j(t) = t**3 + 213*t**2 - 100*t - 153357. What is j(-210)?
-57
Let c(i) = -i**3 - 766*i**2 + 108339*i - 226. Determine c(122).
140
Let x(j) = -38*j**2 - 2778*j + 2397. What is x(-74)?
-119
Let f(y) = -613*y + 10722. Calculate f(16).
914
Let j(k) = -22883*k + 274542. Determine j(12).
-54
Let i(b) = -b**2 + 451*b + 17459. What is i(-36)?
-73
Let f(r) = -6*r**2 - 12156*r + 97406. Determine f(8).
-226
Let o(q) = -42112*q + 252657. What is o(6)?
-15
Let z(f) = -14963*f + 59853. Give z(4).
1
Let g(k) = k**3 - 56*k**2 + 490*k - 10. Give g(11).
-65
Let v(j) = 1107*j**2 - 11068*j + 74. Determine v(10).
94
Let a(o) = -14*o**2 - 12292*o + 24664. What is a(-880)?
24
Let m(x) = 9*x**2 - 200*x - 1016. What is m(25)?
-391
Let n(l) = -78*l**3 - 10*l**2 + 60*l - 2. Give n(0).
-2
Let c(z) = 172*z**3 + 12*z**2 + 11*z - 2. Calculate c(-1).
-173
Let z(h) = -4*h**3 + 417*h**2 + 349*h - 3573. Calculate z(105).
-3
Let y(b) = -202*b**2 - 756*b + 190. Give y(-4).
-18
Let w(s) = 927*s + 31446. What is w(-34)?
-72
Let s(o) = 221*o - 2382. What is s(10)?
-172
Let n(k) = -k**3 - 9*k**2 - 1110*k - 14761. Calculate n(-13).
345
Let z(k) = 10*k**2 - 616*k + 5169. What is z(10)?
9
Let j(f) = -13204*f + 1373192. Calculate j(104).
-24
Let y(z) = -30*z**3 - 1019*z**2 + 25*z - 270. What is y(-34)?
36
Let z(y) = 37*y + 5606. What is z(-153)?
-55
Let t(g) = g**3 + 71*g**2 - 6*g + 3642. Calculate t(-72).
-1110
Let o(z) = -z**3 + 50*z**2 + 389*z + 593. Calculate o(57).
23
Let l(i) = 4193*i + 7027492. Calculate l(-1676).
24
Let d(s) = 299059*s - 897186. What is d(3)?
-9
Let c(m) = m**3 - 16*m**2 + 140*m - 3504. Determine c(19).
239
Let u(q) = -5*q**2 + 333*q - 4607. What is u(20)?
53
Let t(d) = 326*d**2 - 340*d + 916. Give t(3).
2830
Let r(m) = 421*m + 106454. Determine r(-252).
362
Let b(a) = 78186*a + 1016018. Give b(-13).
-400
Let v(m) = -m**3 + 6*m**2 + 63*m + 689. Calculate v(14).
3
Let m(y) = y**3 - 5*y**2 - 2159*y + 4175. Calculate m(-45).
80
Let k(s) = 2*s**3 - 353*s**2 + 549*s - 4730. What is k(175)?
-530
Let n(t) = t**3 + 10*t**2 - 202*t - 1021. Calculate n(-18).
23
Let y(u) = -349*u - 96344. What is y(-276)?
-20
Let o(b) = -9519*b - 19666239. What is o(-2066)?
15
Let y(b) = 5*b**3 + 29*b**2 - 15*b - 56. Calculate y(-7).
-245
Let x(h) = -2*h**3 - 674*h**2 + 624*h - 17576. Calculate x(-338).
0
Let s(d) = d**3 - 12*d**2 - 10095*d + 60765. Determine s(6).
-21
Let c(k) = 387*k - 37943. Give c(98).
-17
Let l(p) = -28*p**2 + 1970*p + 9781. Calculate l(75).
31
Let a(j) = -j**3 - 186*j**2 - 1844*j - 342976. Calculate a(-186).
8
Let p(x) = -24824*x + 546127. Calculate p(22).
-1
Let n(s) = 14*s**2 + 780*s - 18580. Give n(18).
-4
Let c(j) = 260*j + 9253. Determine c(-36).
-107
Let g(h) = -2*h**3 - 928*h**2 + 1671*h + 344539. Calculate g(-465).
-26
Let p(v) = -v**2 + 114*v - 489. What is p(90)?
1671
Let j(m) = m**2 + 18387*m - 312927. Give j(17).
-59
Let h(g) = -g**3 - 271*g**2 - 1952*g - 27462. What is h(-264)?
-6
Let k(t) = -2*t**2 - 53*t - 279. Calculate k(-10).
51
Let c(k) = -64*k + 96. Give c(8).
-416
Let q(n) = -516*n - 10800. What is q(-21)?
36
Let z(f) = -f**3 - 8*f**2 + 3*f - 50. What is z(-8)?
-74
Let v(h) = 138*h + 52. Calculate v(-9).
-1190
Let o(v) = -8188*v - 1072610. What is o(-131)?
18
Let f(v) = 75*v**2 - 122*v + 11. Give f(-2).
555
Let l(v) = -65*v**2 + 177*v + 1888. What is l(7)?
-58
Let o(x) = -493*x**2 - 134588*x + 302. What is o(-273)?
29
Let z(w) = -w**2 + 671*w - 15511. Give z(24).
17
Let n(v) = -288*v + 8948. Calculate n(31).
20
Let u(y) = -4*y**3 + 165*y**2 - 204*y - 177. What is u(40)?
-337
Let i(q) = 30*q**3 - 4*q**2 - 23*q + 68. What is i(2)?
246
Let h(w) = -12*w**2 + 1446*w + 42628. What is h(145)?
-2
Let w(m) = -65737*m + 131416. Give w(2).
-58
Let s(i) = 131*i**2 + 680*i - 618. What is s(-6)?
18
Let q(o) = 216*o - 12626. Give q(56).
-530
Let g(k) = -2*k**2 - 97*k + 603. What is g(6)?
-51
Let s(g) = 2*g**2 + 218*g + 5468. Calculate s(-40).
-52
Let w(b) = -1260*b - 732044. Calculate w(-581).
16
Let w(r) = r**3 + 6*r**2 - 5122*r - 35796. Give w(-7).
9
Let x(t) = 175*t**2 + 791*t - 428. Determine x(-5).
-8
Let i(s) = 1199*s - 37173. Give i(31).
-4
Let y(t) = -t**3 + 5*t**2 + 1324*t + 115. Determine y(-34).
183
Let x(l) = -20*l**2 + 351*l - 627. What is x(2)?
-5
Let u(y) = 6735*y - 646505. Give u(96).
55
Let y(w) = 1679*w + 176287. Calculate y(-105).
-8
Let d(k) = 5028*k**2 + 20064*k - 176. Give d(-4).
16
Let f(w) = -1227*w - 20854. Give f(-17).
5
Let f(p) = 2666*p + 39247. Determine f(-15).
-743
Let a(v) = 360*v**2 - 6846*v - 24. Calculate a(19).
-138
Let i(z) = 900*z - 26045. Calculate i(31).
1855
Let q(u) = -u**3 - 179*u**2 + 578*u + 39071. Calculate q(-181).
-25
Let b(m) = -99*m**2 - 276*m + 78. Calculate b(-3).
15
Let a(p) = 117*p - 2783. Give a(24).
25
Let t(a) = -109*a**2 - 1599*a + 178. Determine t(-15).
-362
Let l(p) = p**2 + 190*p - 25961. Determine l(92).
-17
Let z(k) = -k**3 - 31*k**2 - 2020*k - 62544. Determine z(-31).
76
Let a(g) = 294657*g - 1178604. What is a(4)?
24
Let s(n) = 44201*n + 309404. Give s(-7).
-3
Let p(o) = 8*o**3 + 272*o**2 - 29*o + 8780. Calculate p(-35).
-5
Let b(m) = m**3 - 21*m**2 - 44*m + 808. What is b(6)?
4
Let m(q) = 5*q**2 - 36*q - 3225. Calculate m(-22).
-13
Let y(i) = 394*i**2 + 50814*i - 1553. What is y(-129)?
-5
Let r(b) = 224*b + 6087. Calculate r(-27).
39
Let c(w) = w**3 - 2*w**2 - 195*w + 761. Give c(4).
13
Let a(o) = 6*o**3 - 57*o**2 - 126*o + 1582. Calculate a(8).
-2
Let p(x) = 145735*x + 728678. Calculate p(-5).
3
Let c(l) = l**2 - 5120*l + 288847. Determine c(57).
256
Let w(l) = l**3 + 15*l**2 + 111*l + 1280. What is w(-9)?
767
Let w(s) = -9*s**2 + 306*s - 67. What is w(32)?
509
Let l(r) = r**3 - 69*r**2 + 2355*r - 13450. Give l(7).
-3
Let t(x) = -x**3 + 576*x**2 - 5664*x + 2264. What is t(566)?
0
Let v(y) = y**2 - 77*y + 1054. Calculate v(59).
-8
Let l(n) = 56*n**3 - 44*n**2 + 33*n - 17. Calculate l(3).
1198
Let i(l) = -702*l - 4983. Determine i(-7).
-69
Let v(w) = -5595*w - 699469. What is v(-125)?
-94
Let u(i) = -i**2 + 7116*i + 2644377. Give u(-354).
-3
Let t(g) = -g**2 - 94*g - 1473. Determine t(-68).
295
Let m(k) = -k**3 + 132*k**2 - 635*k + 373. Calculate m(127).
373
Let c(j) = -j**3 - 106*j**2 - 179*j + 3024. Calculate c(-104).
8
Let w(v) = -1696*v + 2072. Calculate w(1).
376
Let v(d) = -937*d + 1711. Give v(2).
-163
Let f(k) = 467*k**2 - k - 20. Determine f(-2).
1850
Let u(w) = -154*w**2 - 683*w - 684. Determine u(-1).
-155
Let p(l) = l**3 + 2*l**2 - 4*l - 29. Calculate p(3).
4
Let z(x) = x**3 + 10*x**2 - 224*x + 70. Calculate z(-21).
-77
Let r(c) = 2*c**3 - 106*c**2 - 183*c - 2034. Give r(55).
1
Let n(f) = 1343*f - 26. Calculate n(0).
-26
Let q(p) = 10299*p - 20608. Determine q(2).
-10
Let l(f) = -f**3 + 81*f**2 - 93*f + 1286. Calculate l(80).
246
Let m(u) = 3*u**3 - 3*u**2 - 370*u - 13. Give m(0).
-13
Let n(a) = 21*a**3 - 13*a**2 - 686*a + 2783. Calculate n(4).
1175
Let p(z) = 2*z**3 - 17*z**2 - 59*z + 9. Calculate p(11).
-35
Let q(v) = 621554*v + 11187979. Determine q(-18).
7
Let a(s) = 668*s**2 - 2724*s - 3085. What is a(5)?
-5
Let p(k) = -168*k**2 - 2820*k + 38. Give p(-17).
-574
Let y(x) = -x**3 - 211*x**2 + 633*x + 44090. Give y(-213).
-1
Let c(t) = -t**3 + 85*t**2 + 311*t - 39583. Give c(83).
8
Let h(s) = -s**3 - 5756*s**2 + 663196*s + 76. Determine 